{"id":421,"date":"2019-07-30T09:29:16","date_gmt":"2019-07-30T07:29:16","guid":{"rendered":"https:\/\/www.amalteacultura.com\/cartografiasdelamor\/?page_id=421"},"modified":"2019-07-30T09:29:16","modified_gmt":"2019-07-30T07:29:16","slug":"volumen-1","status":"publish","type":"page","link":"https:\/\/cartografiasdelamor.com\/web\/volumen-1\/","title":{"rendered":"Volumen 1"},"content":{"rendered":"\n<div class=\"wp-block-cover has-background-dim\" style=\"background-image:url(https:\/\/www.amalteacultura.com\/cartografiasdelamor\/wp-content\/uploads\/2019\/05\/vol1.png)\"><div class=\"wp-block-cover__inner-container is-layout-flow wp-block-cover-is-layout-flow\">\n<p style=\"text-align:center\" class=\"has-large-font-size\"><\/p>\n<\/div><\/div>\n\n\n\n<div class=\"wp-block-file\"><a href=\"https:\/\/www.amalteacultura.com\/cartografiasdelamor\/wp-content\/uploads\/2019\/05\/CartografiasDelAmor-VOL1..pdf\">CartografiasDelAmor-VOL1.<\/a><a href=\"https:\/\/www.amalteacultura.com\/cartografiasdelamor\/wp-content\/uploads\/2019\/05\/CartografiasDelAmor-VOL1..pdf\" class=\"wp-block-file__button\" download>Descarga<\/a><\/div>\n\n\n\n<p>Una carta de amor es un reencuentro entre quien la escribe y alguna de las dimensiones de la relaci\u00f3n con la persona amada.<br> Una carta de amor tambi\u00e9n es la posibilidad de mostrarse el amor en el espejo de las palabras.<br>\n Cartograf\u00edas del amor es la llamada a ese reencuentro entre mujeres que\n raramente tienen proyecci\u00f3n fuera de sus c\u00edrculos personales.<br> Mujeres que, sin embargo, son tejedoras de redes de acogimiento f\u00edsico y apoyo emocional.<br> Cartograf\u00edas del amor es un proyecto multidimensional, cuya semilla son las voces de mujeres de mil lugares.<br> A lo largo de los pr\u00f3ximos meses se desarrollar\u00e1n diferentes formatos con funcionalidades diversas.<br>\n El primero de ellos es esta colecci\u00f3n de min\u00fasculos cat\u00e1logos \nport\u00e1tiles. Un ramillete de fragmentos de algunas de las cartas de amor \nmanuscritas. Un semillero de las diferentes voces del amor en femenino \nplural, incluido ese al que algunas mujeres se muestran esquivas, el \namor hacia s\u00ed misma.<br> \u00bfCu\u00e1ndo escribiste la \u00faltima carta de amor?<\/p>\n\n\n\n<p> <strong>Carmen<\/strong><\/p>\n","protected":false},"excerpt":{"rendered":"<p class=\"text-justify\">Una carta de amor es un reencuentro entre quien la escribe y alguna de las dimensiones de la relaci\u00f3n con la persona [&hellip;]<\/p>\n","protected":false},"author":1,"featured_media":0,"parent":0,"menu_order":0,"comment_status":"closed","ping_status":"closed","template":"","meta":{"footnotes":""},"class_list":["post-421","page","type-page","status-publish","hentry"],"jetpack_sharing_enabled":true,"_links":{"self":[{"href":"https:\/\/cartografiasdelamor.com\/web\/wp-json\/wp\/v2\/pages\/421","targetHints":{"allow":["GET"]}}],"collection":[{"href":"https:\/\/cartografiasdelamor.com\/web\/wp-json\/wp\/v2\/pages"}],"about":[{"href":"https:\/\/cartografiasdelamor.com\/web\/wp-json\/wp\/v2\/types\/page"}],"author":[{"embeddable":true,"href":"https:\/\/cartografiasdelamor.com\/web\/wp-json\/wp\/v2\/users\/1"}],"replies":[{"embeddable":true,"href":"https:\/\/cartografiasdelamor.com\/web\/wp-json\/wp\/v2\/comments?post=421"}],"version-history":[{"count":1,"href":"https:\/\/cartografiasdelamor.com\/web\/wp-json\/wp\/v2\/pages\/421\/revisions"}],"predecessor-version":[{"id":422,"href":"https:\/\/cartografiasdelamor.com\/web\/wp-json\/wp\/v2\/pages\/421\/revisions\/422"}],"wp:attachment":[{"href":"https:\/\/cartografiasdelamor.com\/web\/wp-json\/wp\/v2\/media?parent=421"}],"curies":[{"name":"wp","href":"https:\/\/api.w.org\/{rel}","templated":true}]}}