{"id":427,"date":"2019-07-30T09:36:23","date_gmt":"2019-07-30T07:36:23","guid":{"rendered":"https:\/\/www.amalteacultura.com\/cartografiasdelamor\/?page_id=427"},"modified":"2019-07-30T09:36:23","modified_gmt":"2019-07-30T07:36:23","slug":"volumen-4","status":"publish","type":"page","link":"https:\/\/cartografiasdelamor.com\/web\/volumen-4\/","title":{"rendered":"Volumen 4"},"content":{"rendered":"\n<div class=\"wp-block-cover has-background-dim\" style=\"background-image:url(https:\/\/www.amalteacultura.com\/cartografiasdelamor\/wp-content\/uploads\/2019\/05\/vol4.png)\"><div class=\"wp-block-cover__inner-container is-layout-flow wp-block-cover-is-layout-flow\">\n<p style=\"text-align:center\" class=\"has-large-font-size\"><\/p>\n<\/div><\/div>\n\n\n\n<div class=\"wp-block-file\"><a href=\"https:\/\/www.amalteacultura.com\/cartografiasdelamor\/wp-content\/uploads\/2019\/05\/CartografiasDelAmor-VOL4.pdf\">CartografiasDelAmor-VOL4<\/a><a href=\"https:\/\/www.amalteacultura.com\/cartografiasdelamor\/wp-content\/uploads\/2019\/05\/CartografiasDelAmor-VOL4.pdf\" class=\"wp-block-file__button\" download>Descarga<\/a><\/div>\n\n\n\n<p>Las texturas de las palabras de amor son un misterio que se desvela cuando brotan las memorias del cuerpo, o cuando el coraz\u00f3n se abre en un silencio que traduce latidos inaudibles.<br>\nEn el cuarto volumen de Cartograf\u00edas del amor, 9 mujeres tejen 9 texturas multisensoriales para contextualizar v\u00ednculos universales.<br>\nTexturas como la de la seda que sutura las heridas de tantas palabras no dichas o de ch\u00e1charas maledicentes.<br>\nTexturas como las que resuenan en el agridulce de los impl\u00edcitos ignorados que, como semillas por clasificar, esperan una primavera imprevista para germinar en la cueva del drag\u00f3n atemorizado.<br>\nsj19<\/p>\n\n\n\n<p>Texturas como las de las voces de las mujeres de estirpes eternas cuando narraban sus sue\u00f1os camuflados en f\u00e1bulas ajenas.<br>\nTexturas como la de la propia piel deshabitada por el peor de los olvidos.<br>\nTexturas de pelajes dispares cuya cercan\u00eda nos recuerdan que el enajenamiento finaliza donde nace la ternura.<br>\nQuiz\u00e1s, escribir palabras de amor sea un viaje inici\u00e1tico a territorios que habr\u00eda que explorar con la ingenuidad del trazo de los lapiceros de colores.<\/p>\n\n\n\n<p>Sant Jordi, 2019.<\/p>\n\n\n\n<p><strong>Carmen<\/strong><\/p>\n","protected":false},"excerpt":{"rendered":"<p class=\"text-justify\">Las texturas de las palabras de amor son un misterio que se desvela cuando brotan las memorias del cuerpo, o cuando el [&hellip;]<\/p>\n","protected":false},"author":1,"featured_media":0,"parent":0,"menu_order":0,"comment_status":"closed","ping_status":"closed","template":"","meta":{"footnotes":""},"class_list":["post-427","page","type-page","status-publish","hentry"],"jetpack_sharing_enabled":true,"_links":{"self":[{"href":"https:\/\/cartografiasdelamor.com\/web\/wp-json\/wp\/v2\/pages\/427","targetHints":{"allow":["GET"]}}],"collection":[{"href":"https:\/\/cartografiasdelamor.com\/web\/wp-json\/wp\/v2\/pages"}],"about":[{"href":"https:\/\/cartografiasdelamor.com\/web\/wp-json\/wp\/v2\/types\/page"}],"author":[{"embeddable":true,"href":"https:\/\/cartografiasdelamor.com\/web\/wp-json\/wp\/v2\/users\/1"}],"replies":[{"embeddable":true,"href":"https:\/\/cartografiasdelamor.com\/web\/wp-json\/wp\/v2\/comments?post=427"}],"version-history":[{"count":1,"href":"https:\/\/cartografiasdelamor.com\/web\/wp-json\/wp\/v2\/pages\/427\/revisions"}],"predecessor-version":[{"id":428,"href":"https:\/\/cartografiasdelamor.com\/web\/wp-json\/wp\/v2\/pages\/427\/revisions\/428"}],"wp:attachment":[{"href":"https:\/\/cartografiasdelamor.com\/web\/wp-json\/wp\/v2\/media?parent=427"}],"curies":[{"name":"wp","href":"https:\/\/api.w.org\/{rel}","templated":true}]}}